{"id":2,"date":"2009-12-15T09:55:45","date_gmt":"2009-12-15T16:55:45","guid":{"rendered":"https:\/\/www.ziva-voda.com\/blog\/?page_id=2"},"modified":"2019-01-02T15:56:33","modified_gmt":"2019-01-02T13:56:33","slug":"namen","status":"publish","type":"page","link":"https:\/\/ziva-voda.com\/blog\/namen\/","title":{"rendered":"Namen"},"content":{"rendered":"<h4>Pozdravljeni! Dobrodo\u0161li na mojem blogu<\/h4>\n<p>Naj vam za za\u010detek zaupam nekaj osebnega, saj je to sigurno ena izmed najpomembnej\u0161ih stvari, ki sem se je do sedaj nau\u010dil v svojem \u017eivljenju, in spoznal sem \u017ee veliko ljudi in sre\u010dujem jih vsak dan, ki se v danja\u0161njem \u010dasu tega tudi \u017ee \u010dedalje bolj zavedajo. Verjamem pa, da marsikdo tako kot v\u010dasih jaz (saj sem samo \u010dlovek s svojimi napakami ;), to v\u010dasih ravno tako pozabi.<\/p>\n<p style=\"text-align: center;\"><span style=\"color: #0000ff;\"><em>Poslu\u0161aj svoje telo<br \/>\nin<br \/>\npovedalo ti bo kaj je prav<br \/>\nter<br \/>\nposlu\u0161aj svoje srce<br \/>\nin<br \/>\npovedalo ti bo kaj je prav<br \/>\nin kaj narobe.<\/em><\/span><\/p>\n<p>Torej na kratko, ta blog je mesto, kjer so redno objavljane razli\u010dne novice in prispevki, izku\u0161nje o uporabi, nabavi prehrambenih dodatkov \u017eive vode, MAPa (OKA), modrozelenih alg, probiotikov na bazi EM in drugih po mojem mnenju najnujne\u0161ih dopolnil in produktov,\u00a0 ki tako ali druga\u010de izbolj\u0161ujejo na\u0161e po\u010dutje in nam pripomorejo k bolj\u0161im psihofizi\u010dnim sposobnostim in ohranjanju zdravja.<\/p>\n<p>Nekatere objave so in bodo \u010drpane iz rednih mese\u010dnih novic &#8220;<em>Prijateljem najbolj\u0161e<\/em>&#8220;, katerih urednik je dr.Iztok Ostan.<\/p>\n<p>\u010ce \u017eelite slediti novostim, ki so objavljene zato, da morebiti tudi vam izbolj\u0161ajo kakovost \u017eivljenja, vam priporo\u010dam, da se preko obrazca spodaj prijavite za prejemanje sve\u017eih prispevkov.<\/p>\n<p>\u017delim vam trdnega zdravja in dobrega po\u010dutja.<\/p>\n<p>Marjan B.<\/p>\n","protected":false},"excerpt":{"rendered":"<p>Pozdravljeni! Dobrodo\u0161li na mojem blogu Naj vam za za\u010detek zaupam nekaj osebnega, saj je to sigurno ena izmed najpomembnej\u0161ih stvari, ki sem se je do sedaj nau\u010dil v svojem \u017eivljenju, in spoznal sem \u017ee veliko ljudi in sre\u010dujem jih vsak dan, ki se v danja\u0161njem \u010dasu tega tudi \u017ee \u010dedalje bolj zavedajo. Verjamem pa, da [&hellip;]<\/p>\n","protected":false},"author":88889,"featured_media":553,"parent":0,"menu_order":0,"comment_status":"open","ping_status":"open","template":"","meta":{"_acf_changed":false,"_et_pb_use_builder":"","_et_pb_old_content":"","_et_gb_content_width":"","footnotes":""},"class_list":["post-2","page","type-page","status-publish","has-post-thumbnail","hentry"],"acf":[],"yoast_head":"<!-- This site is optimized with the Yoast SEO plugin v27.4 - https:\/\/yoast.com\/product\/yoast-seo-wordpress\/ -->\n<title>Kaj je namen tega bloga? Poslu\u0161aj svoje telo in sporo\u010dilo ti bo kaj mu pa\u0161e<\/title>\n<meta name=\"description\" content=\"Informacije o dopolnilni prehrani, ki tako ali druga\u010de izbolj\u0161uje na\u0161e po\u010dutje in nam pripomore k bolj\u0161im psihofizi\u010dnim sposobnostim in ohranjanju zdravja.\" \/>\n<meta name=\"robots\" content=\"index, follow, max-snippet:-1, max-image-preview:large, max-video-preview:-1\" \/>\n<link rel=\"canonical\" href=\"https:\/\/ziva-voda.com\/blog\/namen\/\" \/>\n<meta property=\"og:locale\" content=\"sl_SI\" \/>\n<meta property=\"og:type\" content=\"article\" \/>\n<meta property=\"og:title\" content=\"Kaj je namen tega bloga? Poslu\u0161aj svoje telo in sporo\u010dilo ti bo kaj mu pa\u0161e\" \/>\n<meta property=\"og:description\" content=\"Informacije o dopolnilni prehrani, ki tako ali druga\u010de izbolj\u0161uje na\u0161e po\u010dutje in nam pripomore k bolj\u0161im psihofizi\u010dnim sposobnostim in ohranjanju zdravja.\" \/>\n<meta property=\"og:url\" content=\"https:\/\/ziva-voda.com\/blog\/namen\/\" \/>\n<meta property=\"og:site_name\" content=\"\u017diva Voda Blog\" \/>\n<meta property=\"article:publisher\" content=\"https:\/\/sl-si.facebook.com\/zivavoda.megahydrate\" \/>\n<meta property=\"article:modified_time\" content=\"2019-01-02T13:56:33+00:00\" \/>\n<meta property=\"og:image\" content=\"https:\/\/ziva-voda.com\/blog\/wp-content\/uploads\/2014\/06\/logo_ziva_voda.jpg\" \/>\n\t<meta property=\"og:image:width\" content=\"206\" \/>\n\t<meta property=\"og:image:height\" content=\"207\" \/>\n\t<meta property=\"og:image:type\" content=\"image\/jpeg\" \/>\n<meta name=\"twitter:card\" content=\"summary_large_image\" \/>\n<meta name=\"twitter:site\" content=\"@zivavoda\" \/>\n<meta name=\"twitter:label1\" content=\"Est. reading time\" \/>\n\t<meta name=\"twitter:data1\" content=\"1 minuta\" \/>\n<script type=\"application\/ld+json\" class=\"yoast-schema-graph\">{\"@context\":\"https:\\\/\\\/schema.org\",\"@graph\":[{\"@type\":\"WebPage\",\"@id\":\"https:\\\/\\\/ziva-voda.com\\\/blog\\\/namen\\\/\",\"url\":\"https:\\\/\\\/ziva-voda.com\\\/blog\\\/namen\\\/\",\"name\":\"Kaj je namen tega bloga? Poslu\u0161aj svoje telo in sporo\u010dilo ti bo kaj mu pa\u0161e\",\"isPartOf\":{\"@id\":\"https:\\\/\\\/ziva-voda.com\\\/blog\\\/#website\"},\"primaryImageOfPage\":{\"@id\":\"https:\\\/\\\/ziva-voda.com\\\/blog\\\/namen\\\/#primaryimage\"},\"image\":{\"@id\":\"https:\\\/\\\/ziva-voda.com\\\/blog\\\/namen\\\/#primaryimage\"},\"thumbnailUrl\":\"https:\\\/\\\/ziva-voda.com\\\/blog\\\/wp-content\\\/uploads\\\/2014\\\/06\\\/logo_ziva_voda.jpg\",\"datePublished\":\"2009-12-15T16:55:45+00:00\",\"dateModified\":\"2019-01-02T13:56:33+00:00\",\"description\":\"Informacije o dopolnilni prehrani, ki tako ali druga\u010de izbolj\u0161uje na\u0161e po\u010dutje in nam pripomore k bolj\u0161im psihofizi\u010dnim sposobnostim in ohranjanju zdravja.\",\"breadcrumb\":{\"@id\":\"https:\\\/\\\/ziva-voda.com\\\/blog\\\/namen\\\/#breadcrumb\"},\"inLanguage\":\"sl-SI\",\"potentialAction\":[{\"@type\":\"ReadAction\",\"target\":[\"https:\\\/\\\/ziva-voda.com\\\/blog\\\/namen\\\/\"]}]},{\"@type\":\"ImageObject\",\"inLanguage\":\"sl-SI\",\"@id\":\"https:\\\/\\\/ziva-voda.com\\\/blog\\\/namen\\\/#primaryimage\",\"url\":\"https:\\\/\\\/ziva-voda.com\\\/blog\\\/wp-content\\\/uploads\\\/2014\\\/06\\\/logo_ziva_voda.jpg\",\"contentUrl\":\"https:\\\/\\\/ziva-voda.com\\\/blog\\\/wp-content\\\/uploads\\\/2014\\\/06\\\/logo_ziva_voda.jpg\",\"width\":206,\"height\":207},{\"@type\":\"BreadcrumbList\",\"@id\":\"https:\\\/\\\/ziva-voda.com\\\/blog\\\/namen\\\/#breadcrumb\",\"itemListElement\":[{\"@type\":\"ListItem\",\"position\":1,\"name\":\"Domov\",\"item\":\"https:\\\/\\\/ziva-voda.com\\\/blog\\\/\"},{\"@type\":\"ListItem\",\"position\":2,\"name\":\"Namen\"}]},{\"@type\":\"WebSite\",\"@id\":\"https:\\\/\\\/ziva-voda.com\\\/blog\\\/#website\",\"url\":\"https:\\\/\\\/ziva-voda.com\\\/blog\\\/\",\"name\":\"\u017diva Voda Blog\",\"description\":\"Male Skrivnosti za Ve\u010d Energije in Bolj\u0161e Po\u010dutje\",\"potentialAction\":[{\"@type\":\"SearchAction\",\"target\":{\"@type\":\"EntryPoint\",\"urlTemplate\":\"https:\\\/\\\/ziva-voda.com\\\/blog\\\/?s={search_term_string}\"},\"query-input\":{\"@type\":\"PropertyValueSpecification\",\"valueRequired\":true,\"valueName\":\"search_term_string\"}}],\"inLanguage\":\"sl-SI\"}]}<\/script>\n<!-- \/ Yoast SEO plugin. -->","yoast_head_json":{"title":"Kaj je namen tega bloga? Poslu\u0161aj svoje telo in sporo\u010dilo ti bo kaj mu pa\u0161e","description":"Informacije o dopolnilni prehrani, ki tako ali druga\u010de izbolj\u0161uje na\u0161e po\u010dutje in nam pripomore k bolj\u0161im psihofizi\u010dnim sposobnostim in ohranjanju zdravja.","robots":{"index":"index","follow":"follow","max-snippet":"max-snippet:-1","max-image-preview":"max-image-preview:large","max-video-preview":"max-video-preview:-1"},"canonical":"https:\/\/ziva-voda.com\/blog\/namen\/","og_locale":"sl_SI","og_type":"article","og_title":"Kaj je namen tega bloga? Poslu\u0161aj svoje telo in sporo\u010dilo ti bo kaj mu pa\u0161e","og_description":"Informacije o dopolnilni prehrani, ki tako ali druga\u010de izbolj\u0161uje na\u0161e po\u010dutje in nam pripomore k bolj\u0161im psihofizi\u010dnim sposobnostim in ohranjanju zdravja.","og_url":"https:\/\/ziva-voda.com\/blog\/namen\/","og_site_name":"\u017diva Voda Blog","article_publisher":"https:\/\/sl-si.facebook.com\/zivavoda.megahydrate","article_modified_time":"2019-01-02T13:56:33+00:00","og_image":[{"width":206,"height":207,"url":"https:\/\/ziva-voda.com\/blog\/wp-content\/uploads\/2014\/06\/logo_ziva_voda.jpg","type":"image\/jpeg"}],"twitter_card":"summary_large_image","twitter_site":"@zivavoda","twitter_misc":{"Est. reading time":"1 minuta"},"schema":{"@context":"https:\/\/schema.org","@graph":[{"@type":"WebPage","@id":"https:\/\/ziva-voda.com\/blog\/namen\/","url":"https:\/\/ziva-voda.com\/blog\/namen\/","name":"Kaj je namen tega bloga? Poslu\u0161aj svoje telo in sporo\u010dilo ti bo kaj mu pa\u0161e","isPartOf":{"@id":"https:\/\/ziva-voda.com\/blog\/#website"},"primaryImageOfPage":{"@id":"https:\/\/ziva-voda.com\/blog\/namen\/#primaryimage"},"image":{"@id":"https:\/\/ziva-voda.com\/blog\/namen\/#primaryimage"},"thumbnailUrl":"https:\/\/ziva-voda.com\/blog\/wp-content\/uploads\/2014\/06\/logo_ziva_voda.jpg","datePublished":"2009-12-15T16:55:45+00:00","dateModified":"2019-01-02T13:56:33+00:00","description":"Informacije o dopolnilni prehrani, ki tako ali druga\u010de izbolj\u0161uje na\u0161e po\u010dutje in nam pripomore k bolj\u0161im psihofizi\u010dnim sposobnostim in ohranjanju zdravja.","breadcrumb":{"@id":"https:\/\/ziva-voda.com\/blog\/namen\/#breadcrumb"},"inLanguage":"sl-SI","potentialAction":[{"@type":"ReadAction","target":["https:\/\/ziva-voda.com\/blog\/namen\/"]}]},{"@type":"ImageObject","inLanguage":"sl-SI","@id":"https:\/\/ziva-voda.com\/blog\/namen\/#primaryimage","url":"https:\/\/ziva-voda.com\/blog\/wp-content\/uploads\/2014\/06\/logo_ziva_voda.jpg","contentUrl":"https:\/\/ziva-voda.com\/blog\/wp-content\/uploads\/2014\/06\/logo_ziva_voda.jpg","width":206,"height":207},{"@type":"BreadcrumbList","@id":"https:\/\/ziva-voda.com\/blog\/namen\/#breadcrumb","itemListElement":[{"@type":"ListItem","position":1,"name":"Domov","item":"https:\/\/ziva-voda.com\/blog\/"},{"@type":"ListItem","position":2,"name":"Namen"}]},{"@type":"WebSite","@id":"https:\/\/ziva-voda.com\/blog\/#website","url":"https:\/\/ziva-voda.com\/blog\/","name":"\u017diva Voda Blog","description":"Male Skrivnosti za Ve\u010d Energije in Bolj\u0161e Po\u010dutje","potentialAction":[{"@type":"SearchAction","target":{"@type":"EntryPoint","urlTemplate":"https:\/\/ziva-voda.com\/blog\/?s={search_term_string}"},"query-input":{"@type":"PropertyValueSpecification","valueRequired":true,"valueName":"search_term_string"}}],"inLanguage":"sl-SI"}]}},"_links":{"self":[{"href":"https:\/\/ziva-voda.com\/blog\/wp-json\/wp\/v2\/pages\/2","targetHints":{"allow":["GET"]}}],"collection":[{"href":"https:\/\/ziva-voda.com\/blog\/wp-json\/wp\/v2\/pages"}],"about":[{"href":"https:\/\/ziva-voda.com\/blog\/wp-json\/wp\/v2\/types\/page"}],"author":[{"embeddable":true,"href":"https:\/\/ziva-voda.com\/blog\/wp-json\/wp\/v2\/users\/88889"}],"replies":[{"embeddable":true,"href":"https:\/\/ziva-voda.com\/blog\/wp-json\/wp\/v2\/comments?post=2"}],"version-history":[{"count":0,"href":"https:\/\/ziva-voda.com\/blog\/wp-json\/wp\/v2\/pages\/2\/revisions"}],"wp:featuredmedia":[{"embeddable":true,"href":"https:\/\/ziva-voda.com\/blog\/wp-json\/wp\/v2\/media\/553"}],"wp:attachment":[{"href":"https:\/\/ziva-voda.com\/blog\/wp-json\/wp\/v2\/media?parent=2"}],"curies":[{"name":"wp","href":"https:\/\/api.w.org\/{rel}","templated":true}]}}